e remainder when 280283 is divided by 34.
21
What is the remainder when 131116 is divided by 13?
11
Calculate the remainder when 35204 is divided by 928.
868
Calculate the remainder when 21116 is divided by 22.
18
What is the remainder when 6676 is divided by 736?
52
What is the remainder when 171620 is divided by 45?
35
What is the remainder when 72729 is divided by 1426?
3
Calculate the remainder when 16792 is divided by 27.
25
What is the remainder when 485122 is divided by 9?
4
What is the remainder when 240718 is divided by 362?
350
What is the remainder when 15804 is divided by 5256?
36
What is the remainder when 1502 is divided by 500?
2
What is the remainder when 139531 is divided by 816?
811
Calculate the remainder when 8842 is divided by 246.
232
What is the remainder when 1892 is divided by 69?
29
Calculate the remainder when 1295 is divided by 51.
20
What is the remainder when 764 is divided by 21?
8
Calculate the remainder when 1013374 is divided by 364.
362
Calculate the remainder when 25085 is divided by 8324.
113
Calculate the remainder when 11285 is divided by 1599.
92
What is the remainder when 2253 is divided by 187?
9
What is the remainder when 2560 is divided by 829?
73
What is the remainder when 5206 is divided by 77?
47
Calculate the remainder when 215637 is divided by 18.
15
What is the remainder when 1449 is divided by 55?
19
Calculate the remainder when 26844 is divided by 8946.
6
Calculate the remainder when 231154 is divided by 2010.
4
Calculate the remainder when 1357 is divided by 381.
214
Calculate the remainder when 1332 is divided by 194.
168
Calculate the remainder when 3050 is divided by 182.
138
Calculate the remainder when 1086 is divided by 885.
201
Calculate the remainder when 381 is divided by 67.
46
Calculate the remainder when 302302 is divided by 90.
82
What is the remainder when 198653 is divided by 1790?
1753
Calculate the remainder when 11569 is divided by 3.
1
What is the remainder when 30132 is divided by 185?
162
Calculate the remainder when 75257 is divided by 4.
1
Calculate the remainder when 23376 is divided by 3894.
12
What is the remainder when 18350 is divided by 114?
110
What is the remainder when 9560 is divided by 38?
22
Calculate the remainder when 6967 is divided by 6952.
15
What is the remainder when 16287 is divided by 123?
51
What is the remainder when 6867 is divided by 474?
231
Calculate the remainder when 199356 is divided by 894.
888
Calculate the remainder when 157576 is divided by 16.
8
What is the remainder when 68921 is divided by 26?
21
Calculate the remainder when 84362 is divided by 14.
12
What is the remainder when 3807 is divided by 338?
89
Calculate the remainder when 29492 is divided by 149.
139
What is the remainder when 997235 is divided by 31?
27
What is the remainder when 61345 is divided by 29?
10
Calculate the remainder when 10256 is divided by 160.
16
What is the remainder when 62875 is divided by 146?
95
What is the remainder when 23606 is divided by 11789?
28
Calculate the remainder when 39809 is divided by 13267.
8
What is the remainder when 79147 is divided by 54?
37
Calculate the remainder when 20226 is divided by 2247.
3
Calculate the remainder when 2077 is divided by 446.
293
Calculate the remainder when 4552 is divided by 409.
53
What is the remainder when 26743 is divided by 4?
3
What is the remainder when 3388 is divided by 13?
8
What is the remainder when 15235 is divided by 124?
107
What is the remainder when 3454874 is divided by 799?
797
Calculate the remainder when 318397 is divided by 211.
209
Calculate the remainder when 117186 is divided by 332.
322
Calculate the remainder when 968 is divided by 78.
32
Calculate the remainder when 140621 is divided by 23435.
11
What is the remainder when 8463 is divided by 1691?
8
What is the remainder when 2583 is divided by 525?
483
What is the remainder when 1641 is divided by 148?
13
What is the remainder when 127079 is divided by 3?
2
What is the remainder when 407825 is divided by 135867?
224
Calculate the remainder when 279129 is divided by 28.
25
What is the remainder when 1870 is divided by 81?
7
What is the remainder when 5118 is divided by 511?
8
Calculate the remainder when 19733 is divided by 990.
923
What is the remainder when 7103 is divided by 2358?
29
Calculate the remainder when 12386 is divided by 231.
143
Calculate the remainder when 19259 is divided by 166.
3
What is the remainder when 2295 is divided by 741?
72
Calculate the remainder when 1616 is divided by 80.
16
Calculate the remainder when 7320 is divided by 92.
52
Calculate the remainder when 3331 is divided by 108.
91
Calculate the remainder when 8073 is divided by 96.
9
What is the remainder when 365068 is divided by 258?
256
What is the remainder when 552 is divided by 30?
12
Calculate the remainder when 860844 is divided by 10.
4
What is the remainder when 17916 is divided by 299?
275
What is the remainder when 127277 is divided by 25451?
22
Calculate the remainder when 2400 is divided by 267.
264
Calculate the remainder when 841906 is divided by 42.
16
Calculate the remainder when 560 is divided by 178.
26
Calculate the remainder when 4829 is divided by 2410.
9
What is the remainder when 119135 is divided by 29779?
19
What is the remainder when 20547 is divided by 411?
408
Calculate the remainder when 112757 is divided by 189.
113
Calculate the remainder when 1746143 is divided by 231.
14
Calculate the remainder when 8688 is divided by 2892.
12
Calculate the remainder when 2528384 is divided by 164.
160
What is the remainder when 62397 is divided by 31161?
75
Calculate the remainder when 36223 is divided by 18083.
57
Calculate the remainder when 187160 is divided by 298.
16
What is the remainder when 60906 is divided by 11?
10
What is the remainder when 49043 is divided by 1360?
83
Calculate the remainder when 1052 is divided by 899.
153
Calculate the remainder when 128805 is divided by 2800.
5
Calculate the remainder when 5553 is divided by 22.
9
What is the remainder when 445445 is divided by 3?
2
Calculate the remainder when 4880 is divided by 4820.
60
What is the remainder when 2817 is divided by 2738?
79
What is the remainder when 3004 is divided by 191?
139
Calculate the remainder when 227686 is divided by 227652.
34
Calculate the remainder when 16295 is divided by 3986.
351
Calculate the remainder when 1063 is divided by 1038.
25
What is the remainder when 1895 is divided by 387?
347
Calculate the remainder when 7240 is divided by 7237.
3
Calculate the remainder when 493 is divided by 216.
61
Calculate the remainder when 74823 is divided by 796.
795
What is the remainder when 728 is divided by 17?
14
What is the remainder when 105027 is divided by 225?
177
Calculate the remainder when 11891 is divided by 5942.
7
What is the remainder when 389824 is divided by 14?
8
What is the remainder when 3437 is divided by 270?
197
Calculate the remainder when 44060 is divided by 12.
8
What is the remainder when 34734 is divided by 167?
165
Calculate the remainder when 63823 is divided by 679.
676
What is the remainder when 20281 is divided by 6707?
160
What is the remainder when 286123 is divided by 95365?
28
What is the remainder when 6849 is divided by 933?
318
What is the remainder when 27190 is divided by 383?
380
Calculate the remainder when 1525 is divided by 280.
125
What is the remainder when 9035 is divided by 1296?
1259
Calculate the remainder when 2003 is divided by 313.
125
What is the remainder when 3113 is divided by 443?
12
What is the remainder when 4014 is divided by 138?
12
What is the remainder when 65504 is divided by 9?
2
Calculate the remainder when 10581 is divided by 10574.
7
Calculate the remainder when 9144 is divided by 1515.
54
What is the remainder when 274947 is divided by 325?
322
What is the remainder when 3572 is divided by 408?
308
Calculate the remainder when 3247 is divided by 13.
10
What is the remainder when 36243 is divided by 76?
67
What is the remainder when 15332 is divided by 1178?
18
Calculate the remainder when 41420 is divided by 139.
137
What is the remainder when 284826 is divided by 368?
362
Calculate the remainder when 122094 is divided by 104.
102
Calculate the remainder when 2